{"id":2674,"date":"2019-05-03T14:45:34","date_gmt":"2019-05-03T14:45:34","guid":{"rendered":"https:\/\/www.technologpark.pl\/organy-spolki\/"},"modified":"2026-01-28T14:04:51","modified_gmt":"2026-01-28T13:04:51","slug":"governing-bodies","status":"publish","type":"page","link":"https:\/\/www.technologpark.pl\/en\/wpt\/governing-bodies\/","title":{"rendered":"The Governing Bodies"},"content":{"rendered":"<p><div class=\"fusion-fullwidth fullwidth-box fusion-builder-row-1 nonhundred-percent-fullwidth non-hundred-percent-height-scrolling\" style=\"--awb-border-radius-top-left:0px;--awb-border-radius-top-right:0px;--awb-border-radius-bottom-right:0px;--awb-border-radius-bottom-left:0px;--awb-padding-top:2%;--awb-flex-wrap:wrap;\" ><div class=\"fusion-builder-row fusion-row\"><div class=\"fusion-layout-column fusion_builder_column fusion-builder-column-0 fusion_builder_column_1_1 1_1 fusion-one-full fusion-column-first fusion-column-last\" style=\"--awb-bg-size:cover;\"><div class=\"fusion-column-wrapper fusion-column-has-shadow fusion-flex-column-wrapper-legacy\"><div class=\"fusion-title title fusion-title-1 fusion-sep-none fusion-title-text fusion-title-size-two\" style=\"--awb-margin-bottom:15px;--awb-margin-top-small:0px;--awb-margin-right-small:0px;--awb-margin-bottom-small:20px;--awb-margin-left-small:0px;--awb-font-size:var(--awb-typography2-font-size);\"><h2 class=\"fusion-title-heading title-heading-left fusion-responsive-typography-calculated\" style=\"font-family:var(--awb-typography2-font-family);font-weight:var(--awb-typography2-font-weight);font-style:var(--awb-typography2-font-style);margin:0;letter-spacing:var(--awb-typography2-letter-spacing);text-transform:var(--awb-typography2-text-transform);font-size:1em;--fontSize:18;--minFontSize:18;line-height:var(--awb-typography2-line-height);\"><b><\/b><\/p>\n<p>Management Board of Wroc\u0142aw Technology Park<\/p><\/h2><\/div><div class=\"fusion-clearfix\"><\/div><\/div><\/div><div class=\"fusion-layout-column fusion_builder_column fusion-builder-column-1 fusion_builder_column_1_3 1_3 fusion-one-third fusion-column-first\" style=\"--awb-bg-size:cover;width:33.333333333333%;width:calc(33.333333333333% - ( ( 4% ) * 0.33333333333333 ) );margin-right: 4%;\"><div class=\"fusion-column-wrapper fusion-column-has-shadow fusion-flex-column-wrapper-legacy\"><div class=\"fusion-image-element fusion-image-align-center in-legacy-container\" style=\"text-align:center;--awb-caption-title-font-family:var(--h2_typography-font-family);--awb-caption-title-font-weight:var(--h2_typography-font-weight);--awb-caption-title-font-style:var(--h2_typography-font-style);--awb-caption-title-size:var(--h2_typography-font-size);--awb-caption-title-transform:var(--h2_typography-text-transform);--awb-caption-title-line-height:var(--h2_typography-line-height);--awb-caption-title-letter-spacing:var(--h2_typography-letter-spacing);\"><div class=\"imageframe-align-center\"><span class=\" fusion-imageframe imageframe-none imageframe-1 hover-type-none\"><img decoding=\"async\" width=\"340\" height=\"340\" title=\"Prezes-WPT-Maciej-Potocki\" src=\"https:\/\/www.technologpark.pl\/wp-content\/uploads\/2019\/06\/Prezes-WPT-Maciej-Potocki-1.jpg\" class=\"img-responsive wp-image-3095\" srcset=\"https:\/\/www.technologpark.pl\/wp-content\/uploads\/2019\/06\/Prezes-WPT-Maciej-Potocki-1-200x200.jpg 200w, https:\/\/www.technologpark.pl\/wp-content\/uploads\/2019\/06\/Prezes-WPT-Maciej-Potocki-1.jpg 340w\" sizes=\"(max-width: 800px) 100vw, 340px\" alt=\"\"><\/span><\/div><\/div><div class=\"fusion-clearfix\"><\/div><\/div><\/div><div class=\"fusion-layout-column fusion_builder_column fusion-builder-column-2 fusion_builder_column_2_3 2_3 fusion-two-third fusion-column-last\" style=\"--awb-padding-top:6%;--awb-bg-size:cover;width:66.666666666667%;width:calc(66.666666666667% - ( ( 4% ) * 0.66666666666667 ) );\"><div class=\"fusion-column-wrapper fusion-column-has-shadow fusion-flex-column-wrapper-legacy\"><div class=\"fusion-column-content-centered\"><div class=\"fusion-column-content\"><div class=\"fusion-title title fusion-title-2 fusion-sep-none fusion-title-text fusion-title-size-two\" style=\"--awb-margin-bottom:15px;--awb-margin-top-small:0px;--awb-margin-right-small:0px;--awb-margin-bottom-small:20px;--awb-margin-left-small:0px;--awb-font-size:var(--awb-typography2-font-size);\"><h2 class=\"fusion-title-heading title-heading-left fusion-responsive-typography-calculated\" style=\"font-family:var(--awb-typography2-font-family);font-weight:var(--awb-typography2-font-weight);font-style:var(--awb-typography2-font-style);margin:0;letter-spacing:var(--awb-typography2-letter-spacing);text-transform:var(--awb-typography2-text-transform);font-size:1em;--fontSize:18;--minFontSize:18;line-height:var(--awb-typography2-line-height);\">Maciej Potocki \u2013 President of the Management Board<\/h2><\/div><div class=\"fusion-text fusion-text-1\" style=\"--awb-font-size:var(--awb-typography4-font-size);--awb-line-height:var(--awb-typography4-line-height);--awb-letter-spacing:var(--awb-typography4-letter-spacing);--awb-text-transform:var(--awb-typography4-text-transform);--awb-text-font-family:var(--awb-typography4-font-family);--awb-text-font-weight:var(--awb-typography4-font-weight);--awb-text-font-style:var(--awb-typography4-font-style);\"><p>Graduate of the Faculty of Computer Science and Management at the Wroc\u0142aw University of Technology, where he earned a master&#8217;s degree in financial systems management. He also completed an interdisciplinary postgraduate Executive MBA. Over the years, he has been involved with the Wroc\u0142aw City Hall, where, as an associate of the mayor, he was responsible for supervising over a dozen departments. In 2012, he was appointed President of the Wroc\u0142aw Technology Park Management Board. Initiator of projects such as &#8220;No micro, no macro&#8221; or &#8220;Innovation Sector&#8221;. Committed to the development of modern education through the initiative &#8220;Projektujemy Przysz\u0142o\u015b\u0107. Edukacja&#8221; and in promoting young Polish scientific talents, among others. through many years of supporting the national E(x)plory Competition.<\/p>\n<\/div><\/div><\/div><div class=\"fusion-clearfix\"><\/div><\/div><\/div><div class=\"fusion-layout-column fusion_builder_column fusion-builder-column-3 fusion_builder_column_1_3 1_3 fusion-one-third fusion-column-first\" style=\"--awb-bg-size:cover;width:33.333333333333%;width:calc(33.333333333333% - ( ( 4% ) * 0.33333333333333 ) );margin-right: 4%;\"><div class=\"fusion-column-wrapper fusion-column-has-shadow fusion-flex-column-wrapper-legacy\"><div class=\"fusion-image-element fusion-image-align-center in-legacy-container\" style=\"text-align:center;--awb-caption-title-font-family:var(--h2_typography-font-family);--awb-caption-title-font-weight:var(--h2_typography-font-weight);--awb-caption-title-font-style:var(--h2_typography-font-style);--awb-caption-title-size:var(--h2_typography-font-size);--awb-caption-title-transform:var(--h2_typography-text-transform);--awb-caption-title-line-height:var(--h2_typography-line-height);--awb-caption-title-letter-spacing:var(--h2_typography-letter-spacing);\"><div class=\"imageframe-align-center\"><span class=\" fusion-imageframe imageframe-none imageframe-2 hover-type-none\"><img decoding=\"async\" width=\"340\" height=\"340\" title=\"WPT Zesp\u00f3\u0142 Wroc\u0142awskiego Parku Technologicznego (3)\" src=\"https:\/\/www.technologpark.pl\/wp-content\/uploads\/2023\/08\/WPT-Zespol-Wroclawskiego-Parku-Technologicznego-3.png\" class=\"img-responsive wp-image-17828\" srcset=\"https:\/\/www.technologpark.pl\/wp-content\/uploads\/2023\/08\/WPT-Zespol-Wroclawskiego-Parku-Technologicznego-3-200x200.png 200w, https:\/\/www.technologpark.pl\/wp-content\/uploads\/2023\/08\/WPT-Zespol-Wroclawskiego-Parku-Technologicznego-3.png 340w\" sizes=\"(max-width: 800px) 100vw, 340px\" alt=\"\"><\/span><\/div><\/div><div class=\"fusion-clearfix\"><\/div><\/div><\/div><div class=\"fusion-layout-column fusion_builder_column fusion-builder-column-4 fusion_builder_column_2_3 2_3 fusion-two-third fusion-column-last\" style=\"--awb-padding-top:6%;--awb-bg-size:cover;width:66.666666666667%;width:calc(66.666666666667% - ( ( 4% ) * 0.66666666666667 ) );\"><div class=\"fusion-column-wrapper fusion-column-has-shadow fusion-flex-column-wrapper-legacy\"><div class=\"fusion-column-content-centered\"><div class=\"fusion-column-content\"><div class=\"fusion-title title fusion-title-3 fusion-sep-none fusion-title-text fusion-title-size-two\" style=\"--awb-margin-bottom:15px;--awb-margin-top-small:0px;--awb-margin-right-small:0px;--awb-margin-bottom-small:20px;--awb-margin-left-small:0px;--awb-font-size:var(--awb-typography2-font-size);\"><h2 class=\"fusion-title-heading title-heading-left fusion-responsive-typography-calculated\" style=\"font-family:var(--awb-typography2-font-family);font-weight:var(--awb-typography2-font-weight);font-style:var(--awb-typography2-font-style);margin:0;letter-spacing:var(--awb-typography2-letter-spacing);text-transform:var(--awb-typography2-text-transform);font-size:1em;--fontSize:18;--minFontSize:18;line-height:var(--awb-typography2-line-height);\">Pawe\u0142 Korzeniowski &#8211; Vice-President of the Management Board<\/h2><\/div><div class=\"fusion-text fusion-text-2\" style=\"--awb-font-size:var(--awb-typography4-font-size);--awb-line-height:var(--awb-typography4-line-height);--awb-letter-spacing:var(--awb-typography4-letter-spacing);--awb-text-transform:var(--awb-typography4-text-transform);--awb-text-font-family:var(--awb-typography4-font-family);--awb-text-font-weight:var(--awb-typography4-font-weight);--awb-text-font-style:var(--awb-typography4-font-style);\"><p>Graduate of the University of Wroc\u0142aw, where he obtained his Master of Law degree. He also graduated from the elite Master of Business Administration programme at Wroc\u0142aw University of Economics. For many years, he has been affiliated with Wroc\u0142aw University of Life Sciences, where he held the position of Director of the Centre for Public Procurement and Procurement. In 2022, he was appointed Vice-President of the Wroc\u0142aw Technology Park Management Board.<\/p>\n<\/div><\/div><\/div><div class=\"fusion-clearfix\"><\/div><\/div><\/div><\/div><\/div><div class=\"fusion-fullwidth fullwidth-box fusion-builder-row-2 nonhundred-percent-fullwidth non-hundred-percent-height-scrolling fusion-equal-height-columns\" style=\"--awb-border-radius-top-left:0px;--awb-border-radius-top-right:0px;--awb-border-radius-bottom-right:0px;--awb-border-radius-bottom-left:0px;--awb-padding-top:2%;--awb-flex-wrap:wrap;\" ><div class=\"fusion-builder-row fusion-row\"><div class=\"fusion-layout-column fusion_builder_column fusion-builder-column-5 fusion_builder_column_1_1 1_1 fusion-one-full fusion-column-first fusion-column-last\" style=\"--awb-bg-blend:overlay;--awb-bg-size:cover;\"><div class=\"fusion-column-wrapper fusion-column-has-shadow fusion-flex-column-wrapper-legacy\"><div class=\"fusion-title title fusion-title-4 fusion-sep-none fusion-title-text fusion-title-size-two\" style=\"--awb-margin-bottom:15px;--awb-margin-top-small:0px;--awb-margin-right-small:0px;--awb-margin-bottom-small:20px;--awb-margin-left-small:0px;--awb-font-size:var(--awb-typography2-font-size);\"><h2 class=\"fusion-title-heading title-heading-left fusion-responsive-typography-calculated\" style=\"font-family:var(--awb-typography2-font-family);font-weight:var(--awb-typography2-font-weight);font-style:var(--awb-typography2-font-style);margin:0;letter-spacing:var(--awb-typography2-letter-spacing);text-transform:var(--awb-typography2-text-transform);font-size:1em;--fontSize:18;--minFontSize:18;line-height:var(--awb-typography2-line-height);\">Supervisory Board<\/h2><\/div><div class=\"fusion-text fusion-text-3\"><p><strong>Chairman of the Supervisory Board:<\/strong> <b>Marcin Paw\u0119ska<\/b><\/p>\n<p><strong>Deputy Chairman of the Supervisory Board:<\/strong> <b>Kamila Mikulska<\/b><\/p>\n<p><strong>Supervisory Board members:<\/strong><\/p>\n<ul>\n<li><b>Tomasz Nowakowski<\/b><\/li>\n<li><strong style=\"background-color: rgba(0, 0, 0, 0);\">Urszula Kalina &#8211; Prasznic<\/strong><\/li>\n<li><b>Szymon Szewra\u0144ski<\/b><\/li>\n<li><b>Jan Chmielewski<\/b><\/li>\n<\/ul>\n<\/div><div class=\"fusion-clearfix\"><\/div><\/div><\/div><\/div><\/div><\/p>\n","protected":false},"excerpt":{"rendered":"","protected":false},"author":1,"featured_media":0,"parent":2830,"menu_order":0,"comment_status":"closed","ping_status":"closed","template":"100-width.php","meta":{"footnotes":""},"class_list":["post-2674","page","type-page","status-publish","hentry"],"_links":{"self":[{"href":"https:\/\/www.technologpark.pl\/en\/wp-json\/wp\/v2\/pages\/2674","targetHints":{"allow":["GET"]}}],"collection":[{"href":"https:\/\/www.technologpark.pl\/en\/wp-json\/wp\/v2\/pages"}],"about":[{"href":"https:\/\/www.technologpark.pl\/en\/wp-json\/wp\/v2\/types\/page"}],"author":[{"embeddable":true,"href":"https:\/\/www.technologpark.pl\/en\/wp-json\/wp\/v2\/users\/1"}],"replies":[{"embeddable":true,"href":"https:\/\/www.technologpark.pl\/en\/wp-json\/wp\/v2\/comments?post=2674"}],"version-history":[{"count":1,"href":"https:\/\/www.technologpark.pl\/en\/wp-json\/wp\/v2\/pages\/2674\/revisions"}],"predecessor-version":[{"id":24712,"href":"https:\/\/www.technologpark.pl\/en\/wp-json\/wp\/v2\/pages\/2674\/revisions\/24712"}],"up":[{"embeddable":true,"href":"https:\/\/www.technologpark.pl\/en\/wp-json\/wp\/v2\/pages\/2830"}],"wp:attachment":[{"href":"https:\/\/www.technologpark.pl\/en\/wp-json\/wp\/v2\/media?parent=2674"}],"curies":[{"name":"wp","href":"https:\/\/api.w.org\/{rel}","templated":true}]}}

<p><div class="fusion-fullwidth fullwidth-box fusion-builder-row-1 nonhundred-percent-fullwidth non-hundred-percent-height-scrolling" style="--awb-border-radius-top-left:0px;--awb-border-radius-top-right:0px;--awb-border-radius-bottom-right:0px;--awb-border-radius-bottom-left:0px;--awb-padding-top:2%;--awb-flex-wrap:wrap;" ><div class="fusion-builder-row fusion-row"><div class="fusion-layout-column fusion_builder_column fusion-builder-column-0 fusion_builder_column_1_1 1_1 fusion-one-full fusion-column-first fusion-column-last" style="--awb-bg-size:cover;"><div class="fusion-column-wrapper fusion-column-has-shadow fusion-flex-column-wrapper-legacy"><div class="fusion-title title fusion-title-1 fusion-sep-none fusion-title-text fusion-title-size-two" style="--awb-margin-bottom:15px;--awb-margin-top-small:0px;--awb-margin-right-small:0px;--awb-margin-bottom-small:20px;--awb-margin-left-small:0px;--awb-font-size:var(--awb-typography2-font-size);"><h2 class="fusion-title-heading title-heading-left fusion-responsive-typography-calculated" style="font-family:var(--awb-typography2-font-family);font-weight:var(--awb-typography2-font-weight);font-style:var(--awb-typography2-font-style);margin:0;letter-spacing:var(--awb-typography2-letter-spacing);text-transform:var(--awb-typography2-text-transform);font-size:1em;--fontSize:18;--minFontSize:18;line-height:var(--awb-typography2-line-height);"><b></b></p>
<p>Management Board of Wrocław Technology Park</p></h2></div><div class="fusion-clearfix"></div></div></div><div class="fusion-layout-column fusion_builder_column fusion-builder-column-1 fusion_builder_column_1_3 1_3 fusion-one-third fusion-column-first" style="--awb-bg-size:cover;width:33.333333333333%;width:calc(33.333333333333% - ( ( 4% ) * 0.33333333333333 ) );margin-right: 4%;"><div class="fusion-column-wrapper fusion-column-has-shadow fusion-flex-column-wrapper-legacy"><div class="fusion-image-element fusion-image-align-center in-legacy-container" style="text-align:center;--awb-caption-title-font-family:var(--h2_typography-font-family);--awb-caption-title-font-weight:var(--h2_typography-font-weight);--awb-caption-title-font-style:var(--h2_typography-font-style);--awb-caption-title-size:var(--h2_typography-font-size);--awb-caption-title-transform:var(--h2_typography-text-transform);--awb-caption-title-line-height:var(--h2_typography-line-height);--awb-caption-title-letter-spacing:var(--h2_typography-letter-spacing);"><div class="imageframe-align-center"><span class=" fusion-imageframe imageframe-none imageframe-1 hover-type-none"><img decoding="async" width="340" height="340" title="Prezes-WPT-Maciej-Potocki" src="https://www.technologpark.pl/wp-content/uploads/2019/06/Prezes-WPT-Maciej-Potocki-1.jpg" class="img-responsive wp-image-3095" srcset="https://www.technologpark.pl/wp-content/uploads/2019/06/Prezes-WPT-Maciej-Potocki-1-200x200.jpg 200w, https://www.technologpark.pl/wp-content/uploads/2019/06/Prezes-WPT-Maciej-Potocki-1.jpg 340w" sizes="(max-width: 800px) 100vw, 340px" alt=""></span></div></div><div class="fusion-clearfix"></div></div></div><div class="fusion-layout-column fusion_builder_column fusion-builder-column-2 fusion_builder_column_2_3 2_3 fusion-two-third fusion-column-last" style="--awb-padding-top:6%;--awb-bg-size:cover;width:66.666666666667%;width:calc(66.666666666667% - ( ( 4% ) * 0.66666666666667 ) );"><div class="fusion-column-wrapper fusion-column-has-shadow fusion-flex-column-wrapper-legacy"><div class="fusion-column-content-centered"><div class="fusion-column-content"><div class="fusion-title title fusion-title-2 fusion-sep-none fusion-title-text fusion-title-size-two" style="--awb-margin-bottom:15px;--awb-margin-top-small:0px;--awb-margin-right-small:0px;--awb-margin-bottom-small:20px;--awb-margin-left-small:0px;--awb-font-size:var(--awb-typography2-font-size);"><h2 class="fusion-title-heading title-heading-left fusion-responsive-typography-calculated" style="font-family:var(--awb-typography2-font-family);font-weight:var(--awb-typography2-font-weight);font-style:var(--awb-typography2-font-style);margin:0;letter-spacing:var(--awb-typography2-letter-spacing);text-transform:var(--awb-typography2-text-transform);font-size:1em;--fontSize:18;--minFontSize:18;line-height:var(--awb-typography2-line-height);">Maciej Potocki – President of the Management Board</h2></div><div class="fusion-text fusion-text-1" style="--awb-font-size:var(--awb-typography4-font-size);--awb-line-height:var(--awb-typography4-line-height);--awb-letter-spacing:var(--awb-typography4-letter-spacing);--awb-text-transform:var(--awb-typography4-text-transform);--awb-text-font-family:var(--awb-typography4-font-family);--awb-text-font-weight:var(--awb-typography4-font-weight);--awb-text-font-style:var(--awb-typography4-font-style);"><p>Graduate of the Faculty of Computer Science and Management at the Wrocław University of Technology, where he earned a master&#8217;s degree in financial systems management. He also completed an interdisciplinary postgraduate Executive MBA. Over the years, he has been involved with the Wrocław City Hall, where, as an associate of the mayor, he was responsible for supervising over a dozen departments. In 2012, he was appointed President of the Wrocław Technology Park Management Board. Initiator of projects such as &#8220;No micro, no macro&#8221; or &#8220;Innovation Sector&#8221;. Committed to the development of modern education through the initiative &#8220;Projektujemy Przyszłość. Edukacja&#8221; and in promoting young Polish scientific talents, among others. through many years of supporting the national E(x)plory Competition.</p>
</div></div></div><div class="fusion-clearfix"></div></div></div><div class="fusion-layout-column fusion_builder_column fusion-builder-column-3 fusion_builder_column_1_3 1_3 fusion-one-third fusion-column-first" style="--awb-bg-size:cover;width:33.333333333333%;width:calc(33.333333333333% - ( ( 4% ) * 0.33333333333333 ) );margin-right: 4%;"><div class="fusion-column-wrapper fusion-column-has-shadow fusion-flex-column-wrapper-legacy"><div class="fusion-image-element fusion-image-align-center in-legacy-container" style="text-align:center;--awb-caption-title-font-family:var(--h2_typography-font-family);--awb-caption-title-font-weight:var(--h2_typography-font-weight);--awb-caption-title-font-style:var(--h2_typography-font-style);--awb-caption-title-size:var(--h2_typography-font-size);--awb-caption-title-transform:var(--h2_typography-text-transform);--awb-caption-title-line-height:var(--h2_typography-line-height);--awb-caption-title-letter-spacing:var(--h2_typography-letter-spacing);"><div class="imageframe-align-center"><span class=" fusion-imageframe imageframe-none imageframe-2 hover-type-none"><img decoding="async" width="340" height="340" title="WPT Zespół Wrocławskiego Parku Technologicznego (3)" src="https://www.technologpark.pl/wp-content/uploads/2023/08/WPT-Zespol-Wroclawskiego-Parku-Technologicznego-3.png" class="img-responsive wp-image-17828" srcset="https://www.technologpark.pl/wp-content/uploads/2023/08/WPT-Zespol-Wroclawskiego-Parku-Technologicznego-3-200x200.png 200w, https://www.technologpark.pl/wp-content/uploads/2023/08/WPT-Zespol-Wroclawskiego-Parku-Technologicznego-3.png 340w" sizes="(max-width: 800px) 100vw, 340px" alt=""></span></div></div><div class="fusion-clearfix"></div></div></div><div class="fusion-layout-column fusion_builder_column fusion-builder-column-4 fusion_builder_column_2_3 2_3 fusion-two-third fusion-column-last" style="--awb-padding-top:6%;--awb-bg-size:cover;width:66.666666666667%;width:calc(66.666666666667% - ( ( 4% ) * 0.66666666666667 ) );"><div class="fusion-column-wrapper fusion-column-has-shadow fusion-flex-column-wrapper-legacy"><div class="fusion-column-content-centered"><div class="fusion-column-content"><div class="fusion-title title fusion-title-3 fusion-sep-none fusion-title-text fusion-title-size-two" style="--awb-margin-bottom:15px;--awb-margin-top-small:0px;--awb-margin-right-small:0px;--awb-margin-bottom-small:20px;--awb-margin-left-small:0px;--awb-font-size:var(--awb-typography2-font-size);"><h2 class="fusion-title-heading title-heading-left fusion-responsive-typography-calculated" style="font-family:var(--awb-typography2-font-family);font-weight:var(--awb-typography2-font-weight);font-style:var(--awb-typography2-font-style);margin:0;letter-spacing:var(--awb-typography2-letter-spacing);text-transform:var(--awb-typography2-text-transform);font-size:1em;--fontSize:18;--minFontSize:18;line-height:var(--awb-typography2-line-height);">Paweł Korzeniowski &#8211; Vice-President of the Management Board</h2></div><div class="fusion-text fusion-text-2" style="--awb-font-size:var(--awb-typography4-font-size);--awb-line-height:var(--awb-typography4-line-height);--awb-letter-spacing:var(--awb-typography4-letter-spacing);--awb-text-transform:var(--awb-typography4-text-transform);--awb-text-font-family:var(--awb-typography4-font-family);--awb-text-font-weight:var(--awb-typography4-font-weight);--awb-text-font-style:var(--awb-typography4-font-style);"><p>Graduate of the University of Wrocław, where he obtained his Master of Law degree. He also graduated from the elite Master of Business Administration programme at Wrocław University of Economics. For many years, he has been affiliated with Wrocław University of Life Sciences, where he held the position of Director of the Centre for Public Procurement and Procurement. In 2022, he was appointed Vice-President of the Wrocław Technology Park Management Board.</p>
</div></div></div><div class="fusion-clearfix"></div></div></div></div></div><div class="fusion-fullwidth fullwidth-box fusion-builder-row-2 nonhundred-percent-fullwidth non-hundred-percent-height-scrolling fusion-equal-height-columns" style="--awb-border-radius-top-left:0px;--awb-border-radius-top-right:0px;--awb-border-radius-bottom-right:0px;--awb-border-radius-bottom-left:0px;--awb-padding-top:2%;--awb-flex-wrap:wrap;" ><div class="fusion-builder-row fusion-row"><div class="fusion-layout-column fusion_builder_column fusion-builder-column-5 fusion_builder_column_1_1 1_1 fusion-one-full fusion-column-first fusion-column-last" style="--awb-bg-blend:overlay;--awb-bg-size:cover;"><div class="fusion-column-wrapper fusion-column-has-shadow fusion-flex-column-wrapper-legacy"><div class="fusion-title title fusion-title-4 fusion-sep-none fusion-title-text fusion-title-size-two" style="--awb-margin-bottom:15px;--awb-margin-top-small:0px;--awb-margin-right-small:0px;--awb-margin-bottom-small:20px;--awb-margin-left-small:0px;--awb-font-size:var(--awb-typography2-font-size);"><h2 class="fusion-title-heading title-heading-left fusion-responsive-typography-calculated" style="font-family:var(--awb-typography2-font-family);font-weight:var(--awb-typography2-font-weight);font-style:var(--awb-typography2-font-style);margin:0;letter-spacing:var(--awb-typography2-letter-spacing);text-transform:var(--awb-typography2-text-transform);font-size:1em;--fontSize:18;--minFontSize:18;line-height:var(--awb-typography2-line-height);">Supervisory Board</h2></div><div class="fusion-text fusion-text-3"><p><strong>Chairman of the Supervisory Board:</strong> <b>Marcin Pawęska</b></p>
<p><strong>Deputy Chairman of the Supervisory Board:</strong> <b>Kamila Mikulska</b></p>
<p><strong>Supervisory Board members:</strong></p>
<ul>
<li><b>Tomasz Nowakowski</b></li>
<li><strong style="background-color: rgba(0, 0, 0, 0);">Urszula Kalina &#8211; Prasznic</strong></li>
<li><b>Szymon Szewrański</b></li>
<li><b>Jan Chmielewski</b></li>
</ul>
</div><div class="fusion-clearfix"></div></div></div></div></div></p>
